 when 49996 is divided by 289.
288
What is the remainder when 260 is divided by 185?
75
Calculate the remainder when 195 is divided by 49.
48
Calculate the remainder when 3351 is divided by 7.
5
What is the remainder when 476 is divided by 257?
219
Calculate the remainder when 60 is divided by 32.
28
Calculate the remainder when 4379 is divided by 30.
29
What is the remainder when 943 is divided by 189?
187
Calculate the remainder when 848 is divided by 66.
56
What is the remainder when 28 is divided by 8?
4
What is the remainder when 1775 is divided by 74?
73
Calculate the remainder when 9061 is divided by 171.
169
What is the remainder when 675 is divided by 170?
165
Calculate the remainder when 2588 is divided by 32.
28
Calculate the remainder when 428 is divided by 120.
68
What is the remainder when 6372 is divided by 90?
72
Calculate the remainder when 73 is divided by 26.
21
What is the remainder when 25 is divided by 14?
11
What is the remainder when 408 is divided by 55?
23
What is the remainder when 12734 is divided by 140?
134
Calculate the remainder when 63167 is divided by 84.
83
Calculate the remainder when 18372 is divided by 391.
386
What is the remainder when 409 is divided by 69?
64
What is the remainder when 105 is divided by 29?
18
Calculate the remainder when 760 is divided by 64.
56
Calculate the remainder when 151 is divided by 22.
19
What is the remainder when 378 is divided by 76?
74
Calculate the remainder when 213 is divided by 27.
24
Calculate the remainder when 1593 is divided by 84.
81
Calculate the remainder when 148 is divided by 55.
38
What is the remainder when 78 is divided by 20?
18
Calculate the remainder when 187 is divided by 57.
16
What is the remainder when 2963 is divided by 30?
23
Calculate the remainder when 6045 is divided by 189.
186
What is the remainder when 3183 is divided by 49?
47
Calculate the remainder when 260 is divided by 44.
40
What is the remainder when 1491 is divided by 1490?
1
What is the remainder when 637 is divided by 16?
13
What is the remainder when 749 is divided by 94?
91
What is the remainder when 251 is divided by 40?
11
Calculate the remainder when 235 is divided by 56.
11
Calculate the remainder when 1347 is divided by 343.
318
Calculate the remainder when 2324 is divided by 49.
21
What is the remainder when 14 is divided by 7?
0
What is the remainder when 441 is divided by 13?
12
Calculate the remainder when 18 is divided by 5.
3
What is the remainder when 255 is divided by 9?
3
Calculate the remainder when 113 is divided by 64.
49
What is the remainder when 60 is divided by 35?
25
Calculate the remainder when 129 is divided by 38.
15
Calculate the remainder when 9723 is divided by 52.
51
What is the remainder when 387 is divided by 78?
75
Calculate the remainder when 365 is divided by 108.
41
Calculate the remainder when 76 is divided by 75.
1
Calculate the remainder when 387 is divided by 201.
186
What is the remainder when 291 is divided by 77?
60
What is the remainder when 338 is divided by 18?
14
Calculate the remainder when 112 is divided by 19.
17
Calculate the remainder when 2818 is divided by 53.
9
Calculate the remainder when 49 is divided by 17.
15
What is the remainder when 40 is divided by 38?
2
Calculate the remainder when 5466 is divided by 35.
6
Calculate the remainder when 769 is divided by 256.
1
What is the remainder when 19 is divided by 8?
3
What is the remainder when 248 is divided by 36?
32
Calculate the remainder when 67 is divided by 41.
26
Calculate the remainder when 4917 is divided by 164.
161
What is the remainder when 1014 is divided by 204?
198
Calculate the remainder when 298 is divided by 51.
43
Calculate the remainder when 4314 is divided by 166.
164
Calculate the remainder when 385 is divided by 9.
7
Calculate the remainder when 5876 is divided by 210.
206
What is the remainder when 164 is divided by 22?
10
What is the remainder when 779 is divided by 15?
14
What is the remainder when 30 is divided by 15?
0
What is the remainder when 757 is divided by 95?
92
What is the remainder when 204 is divided by 42?
36
Calculate the remainder when 403 is divided by 85.
63
Calculate the remainder when 466 is divided by 120.
106
Calculate the remainder when 97 is divided by 73.
24
What is the remainder when 320 is divided by 46?
44
What is the remainder when 61 is divided by 25?
11
Calculate the remainder when 29 is divided by 28.
1
What is the remainder when 203 is divided by 49?
7
Calculate the remainder when 7460 is divided by 17.
14
Calculate the remainder when 89 is divided by 6.
5
Calculate the remainder when 1462 is divided by 131.
21
What is the remainder when 928 is divided by 458?
12
What is the remainder when 503 is divided by 11?
8
What is the remainder when 505 is divided by 64?
57
Calculate the remainder when 1422 is divided by 95.
92
What is the remainder when 256 is divided by 92?
72
What is the remainder when 205 is divided by 103?
102
What is the remainder when 1552 is divided by 20?
12
What is the remainder when 215 is divided by 134?
81
What is the remainder when 3426 is divided by 848?
34
What is the remainder when 578 is divided by 116?
114
Calculate the remainder when 34911 is divided by 32.
31
Calculate the remainder when 576 is divided by 34.
32
Calculate the remainder when 1641 is divided by 1629.
12
Calculate the remainder when 15536 is divided by 41.
38
Calculate the remainder when 14519 is divided by 30.
29
Calculate the remainder when 1893 is divided by 1885.
8
What is the remainder when 509 is divided by 145?
74
What is the remainder when 2089 is divided by 19?
18
Calculate the remainder when 443 is divided by 15.
8
What is the remainder when 2085 is divided by 18?
15
What is the remainder when 1994 is divided by 7?
6
What is the remainder when 109 is divided by 15?
4
Calculate the remainder when 650 is divided by 106.
14
Calculate the remainder when 542 is divided by 69.
59
What is the remainder when 443 is divided by 78?
53
What is the remainder when 166 is divided by 35?
26
What is the remainder when 1067 is divided by 62?
13
What is the remainder when 574 is divided by 12?
10
Calculate the remainder when 140 is divided by 33.
8
Calculate the remainder when 1519 is divided by 65.
24
Calculate the remainder when 123 is divided by 56.
11
What is the remainder when 412 is divided by 9?
7
Calculate the remainder when 2867 is divided by 221.
215
Calculate the remainder when 45 is divided by 15.
0
Calculate the remainder when 66975 is divided by 112.
111
Calculate the remainder when 1717 is divided by 425.
17
Calculate the remainder when 114 is divided by 101.
13
Calculate the remainder when 131 is divided by 104.
27
What is the remainder when 171 is divided by 25?
21
Calculate the remainder when 297 is divided by 149.
148
What is the remainder when 162 is divided by 41?
39
Calculate the remainder when 5998 is divided by 20.
18
What is the remainder when 3178 is divided by 30?
28
What is the remainder when 120 is divided by 54?
12
Calculate the remainder when 2134 is divided by 24.
22
What is the remainder when 79 is divided by 27?
25
What is the remainder when 516 is divided by 106?
92
What is the remainder when 291 is divided by 145?
1
What is the remainder when 134 is divided by 73?
61
Calculate the remainder when 214 is divided by 69.
7
Calculate the remainder when 1535 is divided by 24.
23
Calculate the remainder when 493 is divided by 62.
59
Calculate the remainder when 818 is divided by 16.
2
Calculate the remainder when 1318 is divided by 7.
2
What is the remainder when 741 is divided by 62?
59
Calculate the remainder when 15638 is divided by 34.
32
Calculate the remainder when 619 is divided by 124.
123
Calculate the remainder when 105 is divided by 31.
12
Calculate the remainder when 1236 is divided by 62.
58
What is the remainder when 183 is divided by 162?
21
What is the remainder when 56 is divided by 11?
1
What is the remainder when 1427 is divided by 90?
77
What is the remainder when 1294 is divided by 6?
4
Calculate the remainder when 120 is divided by 8.
0
What is the remainder when 626 is divided by 106?
96
What is the remainder when 35 is divided by 4?
3
What is the remainder when 189 is divided by 